
-66
In base 8, what is 227 - 3102?
-2653
In base 11, what is -1740 - 0?
-1740
In base 10, what is -3 + 69780?
69777
In base 5, what is 122 + -141?
-14
In base 9, what is -108345 - 3?
-108348
In base 4, what is -122121 - 320?
-123101
In base 4, what is 2111000232 - -11?
2111000303
In base 15, what is 8 - -bc825?
bc82d
In base 12, what is -11801b6 - 4?
-11801ba
In base 7, what is -135244 + -4?
-135251
In base 15, what is 6 + 12d9?
12e0
In base 6, what is -1440555 + -5?
-1441004
In base 16, what is 1 - cb93?
-cb92
In base 8, what is 57460 + 4?
57464
In base 6, what is 104324315 + 3?
104324322
In base 10, what is -969881 + -5?
-969886
In base 4, what is -1333112122 - -2?
-1333112120
In base 6, what is -1214213 - -3?
-1214210
In base 14, what is -1b2 + 1b1?
-1
In base 11, what is -8439 + 3?
-8436
In base 8, what is -5 - 55264?
-55271
In base 12, what is -29 + -798?
-805
In base 7, what is -125545 - 0?
-125545
In base 13, what is 66 - 25?
41
In base 7, what is 12 - 403?
-361
In base 11, what is -5 - 3453?
-3458
In base 6, what is -1 + 31002?
31001
In base 14, what is -3 + 18753?
18750
In base 11, what is 2358 + 82?
242a
In base 5, what is -12004 - -42?
-11412
In base 5, what is -2 - -111121?
111114
In base 3, what is -1102210 + -102100?
-1212010
In base 6, what is 403 - -530?
1333
In base 8, what is -15150 - -1222?
-13726
In base 4, what is 12 - -10011211?
10011223
In base 11, what is 4 - -8834?
8838
In base 3, what is 20022 + -12022120?
-12002021
In base 12, what is 8 - 29641?
-29635
In base 7, what is 0 + -42521?
-42521
In base 10, what is -6 + -13657?
-13663
In base 14, what is -12 - 47a9?
-47bb
In base 6, what is 33353254 + -1?
33353253
In base 4, what is -30112230 - 102?
-30112332
In base 16, what is -2e - b9?
-e7
In base 9, what is 440 + -1813?
-1363
In base 8, what is 3 - -15506?
15511
In base 7, what is -1 - 102641?
-102642
In base 3, what is -20202022000210 - -10?
-20202022000200
In base 13, what is 1714c - -33?
17182
In base 11, what is -706047 + 3?
-706044
In base 6, what is 103514405 + -3?
103514402
In base 5, what is 20424 + 42?
21021
In base 8, what is 46146 - -1?
46147
In base 11, what is 0 - -7a09?
7a09
In base 15, what is -1de1 + -8?
-1de9
In base 10, what is -26126 + 4?
-26122
In base 2, what is 1100011000000000000 - -111?
1100011000000000111
In base 6, what is -4120 - 11431?
-15551
In base 5, what is -4341143 + -2?
-4341200
In base 8, what is 744 + -4203?
-3237
In base 6, what is 252315 + 21?
252340
In base 2, what is 11011000 + 10101101?
110000101
In base 6, what is 3132 + 55?
3231
In base 4, what is -10100022 + 10?
-10100012
In base 3, what is -11200202 + -10?
-11200212
In base 2, what is 111 - -100100001010001?
100100001011000
In base 14, what is 2a - -231c5?
23211
In base 4, what is 2 + 2030202?
2030210
In base 8, what is -6 - 72702?
-72710
In base 14, what is -33 - 6cb?
-720
In base 7, what is 5 - 1533205?
-1533200
In base 15, what is -896eb + 3?
-896e8
In base 9, what is 107 - 1422?
-1314
In base 10, what is 10 - 12255?
-12245
In base 2, what is 11000001101 - -10101010110?
101101100011
In base 10, what is -7225 + 552?
-6673
In base 14, what is -1455 - 13b?
-1592
In base 12, what is 17 - -1608?
1623
In base 6, what is 0 - -4444314?
4444314
In base 4, what is 131003 + 23002?
220011
In base 9, what is 3 + -737047?
-737044
In base 6, what is -435022 + 10?
-435012
In base 15, what is -398 - -34?
-364
In base 2, what is -1011111010000011 - 100?
-1011111010000111
In base 13, what is -71567a + 3?
-715677
In base 10, what is 73808 + 2?
73810
In base 8, what is -340031 - -2?
-340027
In base 11, what is 14209 + 2?
14210
In base 9, what is 34 - 24786?
-24752
In base 15, what is b91 - 4?
b8c
In base 5, what is -223 - 1024?
-1302
In base 15, what is 51088b - -5?
510891
In base 14, what is -5 - 2cc712?
-2cc717
In base 4, what is 110203 - -22?
110231
In base 4, what is -11 + -2120011?
-2120022
In base 13, what is -1787 + 800?
-c87
In base 3, what is -101112 + -10012?
-111201
In base 11, what is -997a + -26?
-99a5
In base 14, what is -309 + -225?
-530
In base 10, what is 1545 - -95?
1640
In base 10, what is -163025 - 4?
-163029
In base 7, what is -500025 + 5?
-500020
In base 12, what is 2832a + 8?
28336
In base 12, what is -4 + 1894?
1890
In base 11, what is -39655 - -26?
-3962a
In base 2, what is 101 + 10000111101000?
10000111101101
In base 8, what is 3 - -5?
10
In base 15, what is -301 + -93e?
-c40
In base 14, what is -1 + -6c06?
-6c07
In base 13, what is -7910 - -c?
-7901
In base 5, what is -113 - -2314?
2201
In base 14, what is -1988 - -6?
-1982
In base 8, what is -216 + 342?
124
In base 11, what is 23 + -314?
-2a1
In base 13, what is 12 - 2519?
-2507
In base 11, what is a5495 + 1?
a5496
In base 3, what is 2112022121 + 11?
2112022202
In base 7, what is 4 - -125233?
125240
In base 16, what is 1c15 - 7a?
1b9b
In base 11, what is -2156 + -628?
-2783
In base 4, what is 213 + -1002?
-123
In base 5, what is 113312 - -341?
114203
In base 13, what is 5 + 165433?
165438
In base 5, what is 1 + 1001202?
1001203
In base 4, what is -323132101 + 12?
-323132023
In base 15, what is -230ed + -1a?
-23118
In base 12, what is 1200b - -13?
12022
In base 5, what is -1141040 + 10?
-1141030
In base 14, what is -8 + -564?
-56c
In base 7, what is -55 + -4125?
-4213
In base 7, what is 34225 - 13?
34212
In base 7, what is -25663 + 51?
-25612
In base 16, what is 106 - -7e?
184
In base 9, what is 4612011 - 0?
4612011
In base 12, what is -15 + -2a53?
-2a68
In base 6, what is -132 + -123?
-255
In base 16, what is 5d01 + -12?
5cef
In base 7, what is -3013 + 1342?
-1341
In base 6, what is -115141 - -41?
-115100
In base 15, what is 98e + -b?
983
In base 10, what is -54 + -4?
-58
In base 10, what is -11965 + -11?
-11976
In base 10, what is 56 + -537?
-481
In base 15, what is -c76 + 7c?
-be9
In base 9, what is 3 - -2001361?
2001364
In base 14, what is -1c42 + 39?
-1c07
In base 10, what is -5 - -21925?
21920
In base 13, what is -b9c9 - -25?
-b9a4
In base 4, what is -1 + 33132223?
33132222
In base 3, what is 20 + 11101212001?
11101212021
In base 7, what is 2 - 16?
-14
In base 16, what is 48 - 4b?
-3
In base 2, what is 10011111111011 + -100?
10011111110111
In base 10, what is 11 - -4821?
4832
In base 12, what is 16 - -57520?
57536
In base 13, what is -1 + -8284?
-8285
In base 11, what is 77 + -1a50?
-1984
In base 9, what is -2700 - -6?
-2683
In base 8, what is 47 - 31?
16
In base 7, what is 12 - 10200?
-10155
In base 5, what is 10040231 - 0?
10040231
In base 9, what is 71384 - 6?
71377
In base 8, what is -512 + -75?
-607
In base 8, what is -2 + 64144?
64142
In base 12, what is 76a3a + 0?
76a3a
In base 9, what is 0 + 147887?
147887
In base 9, what is 3 + -81412?
-81408
In base 6, what is -12010541 - -10?
-12010531
In base 9, what is 218705 - 1?
218704
In base 13, what is 2471 - -2?
2473
In base 2, what is -10 + -11000110101011000?
-11000110101011010
In base 6, what is 3135520 + -53?
3135423
In base 5, what is -23 + 443400?
443322
In base 9, what is 575 + -52?
523
In base 5, what is -113323 - -100?
-113223
In base 5, what is 200 - -20322?
21022
In base 2, what is -1101111 + 1001100101?
111110110
In base 4, what is 113001 - -1333?
121000
In base 4, what is 33231 - 2311?
30320
In base 3, what is 10 + 1110112?
1110122
In base 11, what is -22 + 47aa6?
47a84
In base 9, what is -3435 - 1?
-3436
In base 14, what is -48 - -6705?
669b
In base 12, what is -3022 - -28?
-2bb6
In base 13, what is -6c + -208?
-277
In base 6, what is -130313 + -1?
-130314
In base 11, what is -5854 - -5?
-584a
In base 15, what is -145 + -2?
-147
In base 7, what is 43 + -112551?
-112505
In base 8, what is -34 + -10130?
-10164
In base 15, what is 3 - 1822?
-181e
In base 9, what is -270 + 10?
-260
In base 14, what is -6 - 40c67?
-40c6d
In base 5, what is -3 + -101044?
-101102
In base 7, what is -16 - -21600?
21551
In base 9, what is 83 + -40?
43
In base 7, what is 33411 + 1256?
35000
In base 4, what is 2 + 1210102102?
1210102110
In base 6, what is -14454 - 201?
-15055
In base 12, what is 43a - -b?
449
In base 2, what is 101 - 100001100010000101001?
-100001100010000100100
In base 7, what is -1504 + -5312?
-10116
In base 3, what is -102021 + -22111?
-201202
In base 13, what is -3 - -11400?
113ca
In base 4, wha